divided by 11?
8
Let i be ((-16)/(-12))/((-8)/(-18)). Suppose 0*w = -i*w + 165. Let j(s) = -s**3 + 7*s**2 - 3*s - 7. What is the remainder when w is divided by j(5)?
27
Let t = -12 + 18. Calculate the remainder when (58/4)/((-88)/(-176)) is divided by t.
5
Let d(a) = -a**3 + 5*a**2 + 7*a + 10. Let o be d(-5). Suppose 8*j - o = 3*j + 5*u, -4*j - 4*u = -156. What is the remainder when j is divided by 1/(1/(-11))*-1?
9
Suppose -4*g - 21087 + 21147 = 0. Suppose 232 = 4*k + 3*v - v, 0 = -3*v. What is the remainder when k is divided by g?
13
Let c = -189 - -103. Let w = 173 + c. Calculate the remainder when w is divided by (-11)/(2*(-12)/(-16))*-3.
21
Let u(n) = n**2 + 38*n - 39. Calculate the remainder when u(-40) is divided by (-2)/((6/22)/(-3)).
19
Let q = 609 + -280. What is the remainder when q is divided by 6?
5
Let w = 70 - 42. Suppose -6*l + w = 10. Calculate the remainder when 1/((-520)/(-172) - l) is divided by 23.
20
Let g be (2*(-26)/(-8))/((-1)/(-16)). Suppose -6*a = 7*a - g. What is the remainder when 37 is divided by a?
5
Let p(j) = -j**2 - 3*j + 4. Let x be p(-5). Let k = x + 5. What is the remainder when ((-4)/k)/(-2) + 58 is divided by 19?
18
Let s(j) = 7*j**3 - 10*j**2 + 9*j - 18. Let g(q) = 4*q**3 - 5*q**2 + 5*q - 9. Let w(p) = -5*g(p) + 3*s(p). Calculate the remainder when w(6) is divided by 14.
11
Let g(d) = -d**3 + d**2 + 3*d + 3. Suppose 5*f + 6*f - 88 = 0. Suppose 2*r + 210 = f*r. Calculate the remainder when r is divided by g(-2).
8
Let z(b) = 81*b - 5. What is the remainder when z(6) is divided by 22?
19
Suppose u + 2 = 6. Let h = 6 + -5. What is the remainder when h is divided by 3 - ((-16)/u + 6)?
0
Suppose 27 = -t + 88. Suppose c - t = -r, -2*r - 2*r = -5*c - 244. What is the remainder when r is divided by (-243)/(-15) - 2/10?
13
Let m = -187 + 220. What is the remainder when m is divided by 13 + 1/2*-2?
9
Suppose 0 = w - 3*c - 22, 11*w - 7*w - 48 = 2*c. What is the remainder when w is divided by 10?
0
Let h be 7 + -3 + 0 + 3. Let q(f) = -f**3 + 6*f**2 + 8*f. Calculate the remainder when q(h) is divided by (12/(-10))/((-6)/20).
3
Suppose 2*j + 0 + 12 = 0. Calculate the remainder when 14 is divided by (-5 + (-35)/(-10))/(1/j).
5
Let m(i) = -8*i**2 + 37*i + 62. Let h(v) = -5*v**2 + 19*v + 31. Let u(q) = 5*h(q) - 3*m(q). What is the remainder when u(-7) is divided by 20?
12
Suppose a = 2*a + 5*x - 30, 3*x = 5*a - 10. Suppose z = -a + 6. Suppose -5*w + 5*r = 15, -5*r + 15 = -2*r. Calculate the remainder when w is divided by z.
0
Let i(b) be the second derivative of -b**4/12 - 2*b**3 - 7*b**2/2 - 12*b. Calculate the remainder when 5 is divided by i(-11).
1
Let z(g) = -2*g**2 - g + 9. Let u be z(6). Let h = 87 + u. What is the remainder when 177 is divided by h?
15
Let g(y) = y**3 + 8*y**2 - 17*y + 34. Calculate the remainder when 232 is divided by g(3).
68
Suppose -5*g = -3*r + 346, -2*g + 2 = -0. What is the remainder when r is divided by 21?
12
Suppose -2*m = -5*z - 161, -5*z + 73 = -2*m + 3*m. What is the remainder when m is divided by 72?
6
Let t(z) = -z**2 - 13*z - 16. Calculate the remainder when t(-10) is divided by 6.
2
Suppose 747 = 4*f - z - 2*z, 3*z = -3*f + 576. Calculate the remainder when f is divided by 39.
33
Calculate the remainder when 6/24 + (-35)/(-4) is divided by (5/(-2))/(1/(-2)).
4
Suppose -3*a - 22*d = -21*d - 293, -2 = -d. Let x(u) = 7*u - 10. Calculate the remainder when a is divided by x(5).
22
Let j = 1574 - 1561. What is the remainder when 1078 is divided by j?
12
Suppose -3*s + 55 = -3*u + 1, -s + 5*u = -38. What is the remainder when 35 is divided by s?
9
Suppose 0 = -2*d + 6*z - 3*z + 237, 216 = 2*d + 4*z. Let i = 23 + 0. What is the remainder when d is divided by i?
22
Suppose 68 = 5*g - 4*m - 2, -35 = -2*g + 3*m. Suppose 0*f = -5*w - 3*f + 434, 0 = -5*f - g. Calculate the remainder when w is divided by 25.
13
Let l = 72 + -58. Let o(h) be the third derivative of 3*h**5/20 + h**4/12 + h**3/6 - 2*h**2. What is the remainder when l is divided by o(-1)?
6
Let b = 294 + -262. What is the remainder when 51 is divided by b?
19
Suppose 26 = 2*g - 4*y, 2*g - 49 = -g - 4*y. What is the remainder when 282 is divided by g?
12
Let i be (16/(-28))/((-2)/14). Suppose -o = 4, 2*p + 10 = -0*p - i*o. Calculate the remainder when 15 is divided by ((-1)/2)/(p/(-54)).
6
Let s be 12/(-10)*10/(-6). Let q(p) = 17*p**3 + p. Let j be q(s). Suppose j = r + r. Calculate the remainder when r is divided by 18.
15
Suppose -101 - 289 = -6*m. Calculate the remainder when 250 is divided by m.
55
Suppose 31*q - 26*q + 25 = 4*y, 25 = y + 5*q. Let d = 7 - 0. Calculate the remainder when y is divided by d.
3
Let k(j) = 13*j - 76. Let u be k(8). Suppose u*d - 31*d = -84. Calculate the remainder when d is divided by 15.
13
Let p be 19 + 2 + 3 + -1. Let i = -13 + p. Calculate the remainder when i is divided by (0 + -15)/(-5)*(7 + -5).
4
Suppose -2*l + 299 = -3*v, l + 6*v = 3*v + 163. What is the remainder when l is divided by 29?
9
Let v(x) = -x + 13. What is the remainder when 62 is divided by v(-4)?
11
Let u = -121 + 337. Calculate the remainder when u is divided by 55.
51
Let g(u) = -5*u + 7. Calculate the remainder when 119 is divided by g(-7).
35
Suppose 58 + 77 = 5*l. Suppose 20*f - 6*f = 1050. What is the remainder when f is divided by l?
21
Suppose 3*z + 62 = 5*j - 60, -z - 70 = -3*j. Calculate the remainder when 136 is divided by j.
4
What is the remainder when 15/(-2)*(-2 + 82/(-3)) is divided by 67?
19
Let l(p) = 22*p - 5. Suppose 3*o + 3 = 3*s, -3*s + 2*s = 4*o - 6. Let q(z) = z**2 - 4*z - 3. Calculate the remainder when l(o) is divided by q(6).
8
Let p = 230 + -218. Calculate the remainder when 45 is divided by p.
9
Let n = -2 - 61. Let k = 34 - n. What is the remainder when k is divided by 20?
17
Suppose -22*h + 19*h = -30. Calculate the remainder when 138*(1 - 2)/(-2) is divided by h.
9
Let w(q) be the second derivative of 4*q**2 + 1/3*q**3 - 3*q + 0. What is the remainder when w(5) is divided by 5?
3
Let l = -85 + 126. Suppose h = 9 - 5. Suppose -4*z + x = 2*x - 58, -2*x = -h. What is the remainder when l is divided by z?
13
Let y = -16 - -30. Let w = 80 + -84. Let q = w + y. Calculate the remainder when q is divided by 7.
3
Suppose -458 + 374 = -21*b. Let g(x) = x + 23. What is the remainder when g(0) is divided by b?
3
Let m be (-152)/12*(-6)/4. Let h = m + -17. Calculate the remainder when (4/2)/(h/17) is divided by 10.
7
Suppose 4*a + 15 = 3*l - 16, 3 = -l. Let b(s) = s**2 + 10*s + 22. Calculate the remainder when b(a) is divided by 12.
10
Let l(d) = 349*d + 39. Let o = -54 + 23. Let c = 45 + o. Calculate the remainder when l(0) is divided by c.
11
Suppose 107*j - 735 - 713 = -57. Let w = 215 + -62. Calculate the remainder when w is divided by j.
10
Suppose 4*q - 2*w = 148, 0 = q + 44*w - 42*w - 37. What is the remainder when 110 is divided by q?
36
Suppose 2*m - 15 = 7. Calculate the remainder when 34 is divided by m.
1
Suppose 24*m - 4*m = 6820. What is the remainder when m is divided by 7?
5
Suppose 49 = c - 9. Calculate the remainder when c is divided by 22.
14
Let u = -2 - -6. Let k be 2 + (-48)/(-8) + 48. Suppose u*i + 2*v - 115 = -3*v, 2*v - k = -2*i. What is the remainder when 122 is divided by i?
22
Suppose 73 = 2*v - 21. Let o(j) = j**2 + 35*j + 221. What is the remainder when v is divided by o(-8)?
2
Let h(n) = 13*n + 11. Let c be h(10). Let g = -107 + c. What is the remainder when g is divided by (-69)/(-6) + (-1)/(-2)?
10
Suppose 2*n - 96 = -2*k, 14*n = 2*k + 11*n - 121. What is the remainder when 79 is divided by k?
26
Let u(p) = -2*p - 9. Let w be u(-6). Let t be (-3)/(-9) - (-4)/(-3). Calculate the remainder when 11/w*(-6)/t is divided by 8.
6
Let z = 4 - 5. Let x(h) = -1. Let v(k) = -k - 14. Let q(g) = z*v(g) + 3*x(g). Calculate the remainder when 70 is divided by q(7).
16
Suppose 0 = 63*a - 76*a + 312. What is the remainder when 62 is divided by a?
14
Let f = 26 - 18. Let v(q) = 11*q**2 + 23*q - 7. Calculate the remainder when v(-3) is divided by f.
7
Suppose 0 = 3*s - 4*a - 48, s - 8 = -0*s + 4*a. Let k(x) = -8*x**3 + 50*x**2 - 8*x - 21. What is the remainder when s is divided by k(6)?
2
Let v be ((-1)/2)/(2/80). Let c = v - -32. What is the remainder when c is divided by 10?
2
Suppose 3